ctors of a?
3, 19
Let n(z) = 203*z**2 - 58*z - 196. List the prime factors of n(-3).
5, 19
Let t be ((-196)/(-7))/4 + 63. Suppose q - t = 2*k, -4*q - 20*k = -18*k - 290. List the prime factors of q.
2, 3
Suppose v = 3*d + 737 + 1120, v - 1861 = -d. What are the prime factors of v?
2, 3, 5, 31
Suppose 7*k - 15561 = -60*k + 4*k. List the prime factors of k.
13, 19
Suppose -4*n = 5*m - 7*m + 3002, 4*m - 4*n - 5988 = 0. Suppose -1455 + 5956 = 3*l + 4*j, -m = -l + 6*j. List the prime factors of l.
1499
What are the prime factors of (-14408)/6*(-68 + 65)?
2, 1801
Suppose 4*v = 2*v - 2*p + 18, -3*v = -p - 19. Let w(i) = 6*i**2 + 17*i + 7. What are the prime factors of w(v)?
2, 3, 5, 7
Let y(j) = 2*j**3 - 47*j**2 - 208*j - 70. What are the prime factors of y(30)?
2, 5, 7, 11
Let q = -8024 - -12030. List the prime factors of q.
2, 2003
Suppose 16*h - 207625 = -11113. List the prime factors of h.
2, 3, 23, 89
Suppose -66*a + 61*a + 17767 = o, 3*o + 3*a - 53337 = 0. List the prime factors of o.
2, 17, 523
Suppose 4*n = x + 25, -n = x - 6*x - 30. List the prime factors of -19 + 1353 + 1 + x.
2, 5, 7, 19
Let w(j) = 6*j**2 + 5*j + 1. Let m be w(-5). Suppose -p - m = 5*p. List the prime factors of (-4)/28 - 1872/p.
89
Suppose -22176 = -3*x + 5*g, -x = -211*g + 215*g - 7392. What are the prime factors of x?
2, 3, 7, 11
Let a be (397 + -3)/2 - 1. Suppose 5*f - 3*b - a - 7 = 0, 2*f + b - 90 = 0. List the prime factors of f.
43
List the prime factors of (89958/(-203))/(14/(-147)).
3, 11, 47
Suppose -10*q = -2382 - 1008. Suppose 2*i - 2*o - 226 = 0, -i + q = 2*i + 4*o. List the prime factors of i.
113
Suppose -c - 4*i = -3, c + i - 27 + 24 = 0. Let k(z) be the third derivative of z**5/10 + z**4/12 - z**3 + 3*z**2. What are the prime factors of k(c)?
2, 3
Let u(f) = -f**2 + 45*f - 25. Let j be u(-16). Let c = 2039 + j. What are the prime factors of c?
2, 3, 173
Let i(n) = -3*n**2 - 10*n + 20. Let z be i(8). List the prime factors of 35*((-1044)/z + (1 - 0)).
2, 3, 5
Suppose 2*i - 4*h = 3956, -2*i - 5*h + 4775 = 864. Suppose 30*k = 38*k - i. What are the prime factors of k?
2, 3, 41
Let s be 161 + 3/18*0. Suppose s*j + 4144 = 175*j. What are the prime factors of j?
2, 37
List the prime factors of 535/2*(-27048)/(-420).
7, 23, 107
Let a(t) = -2580*t + 7440. What are the prime factors of a(-6)?
2, 3, 5, 191
Suppose 3*i - 6 = -2*j, 2*i + 3 + 0 = j. Suppose i = 9*f - 1113 - 2226. What are the prime factors of f?
7, 53
Let r(o) = -o**3 + 8*o**2 + 10*o - 2. Let q be r(9). Suppose -q*n = 6*n - 1768. Let j = 68 + n. List the prime factors of j.
2, 3, 17
Suppose -15*a = 7884 - 57909. Let z = a + -2311. List the prime factors of z.
2
Let v = -38 + 40. Let r(g) = 2*g - g + 15*g**v + 5*g**2. List the prime factors of r(2).
2, 41
Suppose 51*x = 55*x - 15920. Suppose 152*d = 157*d - x. What are the prime factors of d?
2, 199
Suppose -6*m - 493 = -35*m. Let q = 3 - -5. Suppose -m*p = -q*p - 549. What are the prime factors of p?
61
Let o = 162 - 160. List the prime factors of (-7659)/108*-3 - o/(-8).
3, 71
Let d = 9105 + -6977. List the prime factors of d.
2, 7, 19
Let x(m) be the third derivative of 0*m + 1/6*m**3 - 38*m**2 + 0 + 5/24*m**6 - 1/8*m**4 + 1/30*m**5. List the prime factors of x(2).
7, 29
Suppose -2*j = p - 3 + 8, -4*j = 0. Let k(z) = z**3 + 15*z**2 - 4*z - 1. List the prime factors of k(p).
269
Suppose 16 = 5*p + 3*c, -p - 4*c = -6*p + 2. Suppose -p*o = -10, -5*o + 35 = 2*y - 0*y. What are the prime factors of (6 + (-42)/12)*402/y?
3, 67
Suppose -4*s - o = -2*o - 1069, 1335 = 5*s - o. Suppose 3*r = 566 - s. List the prime factors of r.
2, 5
Suppose 74624 + 208288 = 14*t. List the prime factors of t.
2, 3, 421
Let u(x) be the second derivative of 2*x**4 - 5*x**3/6 + 9*x**2/2 - 12*x + 4. List the prime factors of u(-4).
7, 59
Let q(v) = v**2 + 13*v + 35. Let x be q(-10). Suppose x*b - 880 = 1855. Suppose 8*z - b = -115. What are the prime factors of z?
2, 3
Suppose 0 = n - 5 + 2. Let q be 53/5 + (-2)/10*n. Suppose q*j + 324 = 14*j. List the prime factors of j.
3
Suppose -4*l - 2 = -6*l. Let o be (l - 2)*(1 + -3). Suppose -o*b = 0, -2*t + 112 = -0*b - 4*b. What are the prime factors of t?
2, 7
Let v(s) = s**2 + 13*s + 27. Let t be v(-8). Let b = t + 15. Suppose 8*h - 5 = 3*h, -b*r = 5*h - 129. List the prime factors of r.
2, 31
Suppose 2404 = 7*w + 787. Let c = -79 + w. Let x = 329 - c. What are the prime factors of x?
3, 59
Let m = -26131 + 41454. List the prime factors of m.
7, 11, 199
Suppose -5*j - 49 = -4. Let q = 63 + j. Let d = q + 28. What are the prime factors of d?
2, 41
Let s = -53 - -56. Suppose 2*n - 99 - 151 = 4*i, s*i + 381 = 3*n. Suppose -3*z + 5*z = -3*u + 129, 3*u - n = -3*z. List the prime factors of u.
43
Let k = 12 - 9. Suppose -m - q + 4 = 0, 0*m - 5*q - 12 = -k*m. Suppose -5*y = -m*x + 783, -2*y - 9 = y. What are the prime factors of x?
2, 3
Let p be -5*(-18)/15*(-12)/8. List the prime factors of p + 6 + -1 + 234.
2, 5, 23
Suppose -44*n - 30 = -46*n. Suppose n - 7 = 4*w. What are the prime factors of w?
2
Let n(f) = -f**3 + 37*f**2 - 64*f. List the prime factors of n(26).
2, 3, 13, 37
Suppose -23*i + 24*i = 4793. Suppose 0*a = 3*a - t - 4796, i = 3*a - 4*t. List the prime factors of a.
3, 13, 41
Let a(d) = 7*d**3 - 18*d**2 - 14*d - 89. Let t(i) = 20*i**3 - 54*i**2 - 40*i - 266. Let z(x) = 17*a(x) - 6*t(x). What are the prime factors of z(16)?
3, 11, 19
Suppose -2886 = -4*r - 3*a, r + 6*a = 3*a + 726. Suppose -4*q - q = -r. List the prime factors of q.
2, 3
Suppose 2*x - x - 3*f = 13731, x + 5*f - 13675 = 0. What are the prime factors of x?
2, 3, 5, 457
Let g(r) = -5*r**3 + 41*r**2 - 4*r - 43. What are the prime factors of g(-10)?
11, 827
Let j(t) = t**2 - 5*t - 4. Let s be j(5). Let z(p) = -6*p**3 - 2*p**2 + 2*p + 6. Let i be z(s). Suppose 154 + i = 9*b. What are the prime factors of b?
2, 7
Let y(v) = v**3 - 5*v**2 - 10*v + 13. Let q be y(13). Suppose 79 = 6*t - q. List the prime factors of t.
3, 73
Let x(w) = w + 1. Let p(n) = 25*n**2 + n + 6. Let q = 103 + -102. Let j(v) = q*p(v) - 3*x(v). List the prime factors of j(1).
2, 13
Suppose 93356 = 20*i - 193144. List the prime factors of i.
3, 5, 191
List the prime factors of (101*(-8)/(-5))/(90/225).
2, 101
Let q(u) = 1162*u**2 + 6*u + 9. Let p(x) = -1160*x**2 - 7*x - 11. Let c(s) = 3*p(s) + 4*q(s). What are the prime factors of c(-1)?
2, 73
Let d(l) = -l**3 + 25*l**2 - 2*l + 32. Let b be d(24). Suppose -487 - b = -3*v. List the prime factors of v.
349
Let o(j) = 8*j + 12. Let k be o(6). Let f be (6/4)/(5/(k/(-9))). List the prime factors of 1272/(-6)*(f - -4)/(-4).
2, 53
Let o(z) = 4*z**2 - 10*z - 93. Let d(l) = l**2 + l - 8. Let v be d(-5). List the prime factors of o(v).
3, 11
Suppose 161557 - 16577 - 1082300 = -120*h. What are the prime factors of h?
73, 107
Let n = 574 - 112. Let q = -84 + n. List the prime factors of q.
2, 3, 7
Suppose x - f - 91 = 0, -3*x - 2*x + 3*f + 449 = 0. Suppose -209 - x = -h. What are the prime factors of h?
3, 11
Suppose -1422*z + 708*z - 77385 = -725*z. What are the prime factors of z?
3, 5, 7, 67
Suppose i + 64 = 9*i. Let c(l) = -1 + l**3 + l + 2 + 0*l + i*l**2 - 7. List the prime factors of c(-6).
2, 3, 5
Let w = -20963 - -40546. What are the prime factors of w?
19583
Let f = -65536 + 102147. List the prime factors of f.
31, 1181
Let m(p) = 4*p - 25. Let h be m(7). Suppose 3*u + 51 - 1320 = -h*x, 3*u = 3*x + 1287. What are the prime factors of (6/9*1)/(2/u)?
2, 71
Suppose 5*l - 4331 = -3*z + 34508, z = -5*l + 38833. List the prime factors of l.
2, 11, 353
Let t = -3029 - -1667. What are the prime factors of ((t/5)/(-1))/((-56)/(-140))?
3, 227
Let n(v) = v + 4 - 6 + 0. Let r be n(4). Suppose 207 = r*j + j. List the prime factors of j.
3, 23
Suppose -1361*n = -1371*n + 125540. What are the prime factors of n?
2, 6277
Let o(j) = j + 563. Let b be o(0). Suppose -r - b = 3*l, r - 125 = l + 56. Let i = 279 + l. List the prime factors of i.
3, 31
Suppose -6*t = -0*t + 28176. List the prime factors of 3*(t/(-30) - (-3)/(-15)).
7, 67
Let z(b) = -b**3 + 12*b**2 + 15*b + 17. Let m be ((-39)/(-9))/(1/3). Let k be z(m). Let i = 49 - k. What are the prime factors of i?
2, 3
Let q = -91 + 94. Suppose 4*a = n + 6, -q*n + 11 = 3*a - 1. Suppose 7*b = a*b + 260. What are the p